{"id":11,"date":"2024-08-16T10:30:15","date_gmt":"2024-08-16T10:30:15","guid":{"rendered":"https:\/\/esplendorenlaquiebra.com\/?page_id=11"},"modified":"2024-08-17T11:25:33","modified_gmt":"2024-08-17T09:25:33","slug":"quienes-somos","status":"publish","type":"page","link":"https:\/\/esplendorenlaquiebra.com\/va\/quienes-somos\/","title":{"rendered":"Qui som"},"content":{"rendered":"<div class=\"wp-block-group alignfull has-accent-2-background-color has-background has-global-padding is-layout-constrained wp-container-core-group-is-layout-669513ed wp-block-group-is-layout-constrained\" style=\"margin-top:0;margin-bottom:0;padding-top:var(--wp--preset--spacing--50);padding-right:var(--wp--preset--spacing--50);padding-bottom:var(--wp--preset--spacing--50);padding-left:var(--wp--preset--spacing--50)\">\n<div class=\"wp-block-columns alignwide is-layout-flex wp-container-core-columns-is-layout-28f84493 wp-block-columns-is-layout-flex\">\n<div class=\"wp-block-column is-layout-flow wp-block-column-is-layout-flow\" style=\"flex-basis:40%\">\n<p class=\"wp-container-content-0733e5d0\">Desenvolupar l&#039;Audiovisual en paper<\/p>\n<\/div>\n\n\n\n<div class=\"wp-block-column is-layout-flow wp-block-column-is-layout-flow\" style=\"flex-basis:60%\">\n<p class=\"has-heading-font-family has-x-large-font-size\" style=\"line-height:1.2\">Som un equip de persones que ens encanten els llibres de cultura audiovisual. Les llibreries i les biblioteques s\u00f3n la nostra zona de confort. <\/p>\n<\/div>\n<\/div>\n\n\n\n<div style=\"height:var(--wp--preset--spacing--40)\" aria-hidden=\"true\" class=\"wp-block-spacer\"><\/div>\n\n\n\n<figure class=\"wp-block-image alignwide size-full is-style-rounded is-style-rounded--1\"><img loading=\"lazy\" decoding=\"async\" width=\"640\" height=\"360\" src=\"https:\/\/esplendorenlaquiebra.com\/media\/equipo-en-divulgacine.webp\" alt=\"\" class=\"wp-image-176\"\/><\/figure>\n<\/div>\n\n\n\n<div class=\"wp-block-group alignfull has-base-2-color has-contrast-background-color has-text-color has-background has-link-color wp-elements-1ba7a76fe15833269214ddca2a56ba2b has-global-padding is-layout-constrained wp-container-core-group-is-layout-facafb6f wp-block-group-is-layout-constrained\" style=\"margin-top:0;margin-bottom:0;padding-top:var(--wp--preset--spacing--50);padding-right:var(--wp--preset--spacing--50);padding-bottom:var(--wp--preset--spacing--50);padding-left:var(--wp--preset--spacing--50)\">\n<div class=\"wp-block-columns alignwide is-layout-flex wp-container-core-columns-is-layout-d1c656ed wp-block-columns-is-layout-flex\">\n<div class=\"wp-block-column is-vertically-aligned-stretch is-layout-flow wp-block-column-is-layout-flow\" style=\"padding-right:0;flex-basis:60%\">\n<div class=\"wp-block-group is-vertical is-content-justification-stretch is-layout-flex wp-container-core-group-is-layout-e9e70883 wp-block-group-is-layout-flex\" style=\"min-height:100%\">\n<figure class=\"wp-block-image size-full is-style-rounded is-style-rounded--2\"><img loading=\"lazy\" decoding=\"async\" width=\"640\" height=\"853\" src=\"https:\/\/esplendorenlaquiebra.com\/media\/libro-sobre-terciopelo-azul.webp\" alt=\"\" class=\"wp-image-177\" style=\"aspect-ratio:9\/16;object-fit:cover\"\/><\/figure>\n\n\n\n<p class=\"has-medium-font-size\">Un dels projectes en qu\u00e8 hem col\u00b7laborat recentment amb l&#039;editorial Amarcord<\/p>\n<\/div>\n<\/div>\n\n\n\n<div class=\"wp-block-column is-layout-flow wp-block-column-is-layout-flow\" style=\"flex-basis:40%\">\n<div class=\"wp-block-group has-global-padding is-layout-constrained wp-block-group-is-layout-constrained\">\n<p class=\"has-base-color has-text-color has-link-color has-large-font-size wp-elements-3b935ea085df0a51fd7580268cce2b2c\" style=\"font-style:normal;font-weight:500;line-height:1.2\">Despr\u00e9s d&#039;haver participat en diversos projectes editorials com a professionals col\u00b7laboradors, per fi ens hem tirat la manta al capdavant i hem fundat aquesta editorial per poder desenvolupar la nostra passi\u00f3 per l&#039;audiovisual una mica m\u00e9s.<\/p>\n\n\n\n<div style=\"height:var(--wp--preset--spacing--40)\" aria-hidden=\"true\" class=\"wp-block-spacer\"><\/div>\n\n\n\n<div class=\"wp-block-group is-layout-flow wp-block-group-is-layout-flow\">\n<p class=\"has-medium-font-size\">Un projecte on ajuntem textos i il\u00b7lustracions sobre<em> Blue Velvet<\/em>.<\/p>\n\n\n\n<figure class=\"wp-block-image size-full is-style-rounded is-style-rounded--3\"><img loading=\"lazy\" decoding=\"async\" width=\"640\" height=\"853\" src=\"https:\/\/esplendorenlaquiebra.com\/media\/interior-libro.webp\" alt=\"\" class=\"wp-image-179\" style=\"aspect-ratio:2\/3;object-fit:cover\"\/><\/figure>\n<\/div>\n<\/div>\n<\/div>\n<\/div>\n<\/div>\n\n\n\n<div class=\"wp-block-group alignfull has-global-padding is-layout-constrained wp-container-core-group-is-layout-cec3f4a0 wp-block-group-is-layout-constrained\" style=\"margin-top:0;margin-bottom:0;padding-top:var(--wp--preset--spacing--50);padding-right:var(--wp--preset--spacing--50);padding-bottom:var(--wp--preset--spacing--50);padding-left:var(--wp--preset--spacing--50)\">\n<h1 class=\"wp-block-heading has-text-align-center has-x-large-font-size\"><em>Som Luis i Flavia, per\u00f2 tamb\u00e9 Pascual, David, Iv\u00e1n, Javier, Cristina, Marie i tantes altres persones que col\u00b7laboren en cada projecte que ens proposem. <\/em><\/h1>\n\n\n\n<div class=\"wp-block-buttons is-content-justification-center is-layout-flex wp-container-core-buttons-is-layout-a89b3969 wp-block-buttons-is-layout-flex\">\n<div class=\"wp-block-button\"><a class=\"wp-block-button__link wp-element-button\" href=\"https:\/\/esplendorenlaquiebra.com\/va\/contacto\/\">Proposa la teva idea editorial<\/a><\/div>\n<\/div>\n<\/div>","protected":false},"excerpt":{"rendered":"<p>Desarrollar el Audiovisual en papel Somos un equipo de personas que nos encantan los libros de cultura audiovisual. Las librer\u00edas y las bibliotecas son nuestra zona de confort. Uno de los proyectos en los que hemos colaborado recientemente con la editorial Amarcord Despu\u00e9s de haber participado en varios proyectos editoriales como profesionales colaboradores, por fin [&hellip;]<\/p>\n","protected":false},"author":16,"featured_media":0,"parent":0,"menu_order":0,"comment_status":"closed","ping_status":"open","template":"page-no-title","meta":{"footnotes":""},"class_list":["post-11","page","type-page","status-publish","hentry"],"_links":{"self":[{"href":"https:\/\/esplendorenlaquiebra.com\/va\/wp-json\/wp\/v2\/pages\/11","targetHints":{"allow":["GET"]}}],"collection":[{"href":"https:\/\/esplendorenlaquiebra.com\/va\/wp-json\/wp\/v2\/pages"}],"about":[{"href":"https:\/\/esplendorenlaquiebra.com\/va\/wp-json\/wp\/v2\/types\/page"}],"author":[{"embeddable":true,"href":"https:\/\/esplendorenlaquiebra.com\/va\/wp-json\/wp\/v2\/users\/16"}],"replies":[{"embeddable":true,"href":"https:\/\/esplendorenlaquiebra.com\/va\/wp-json\/wp\/v2\/comments?post=11"}],"version-history":[{"count":6,"href":"https:\/\/esplendorenlaquiebra.com\/va\/wp-json\/wp\/v2\/pages\/11\/revisions"}],"predecessor-version":[{"id":178,"href":"https:\/\/esplendorenlaquiebra.com\/va\/wp-json\/wp\/v2\/pages\/11\/revisions\/178"}],"wp:attachment":[{"href":"https:\/\/esplendorenlaquiebra.com\/va\/wp-json\/wp\/v2\/media?parent=11"}],"curies":[{"name":"wp","href":"https:\/\/api.w.org\/{rel}","templated":true}]}}

<div class="wp-block-group alignfull has-accent-2-background-color has-background has-global-padding is-layout-constrained wp-container-core-group-is-layout-669513ed wp-block-group-is-layout-constrained" style="margin-top:0;margin-bottom:0;padding-top:var(--wp--preset--spacing--50);padding-right:var(--wp--preset--spacing--50);padding-bottom:var(--wp--preset--spacing--50);padding-left:var(--wp--preset--spacing--50)">
<div class="wp-block-columns alignwide is-layout-flex wp-container-core-columns-is-layout-28f84493 wp-block-columns-is-layout-flex">
<div class="wp-block-column is-layout-flow wp-block-column-is-layout-flow" style="flex-basis:40%">
<p class="wp-container-content-0733e5d0">Desenvolupar l&#039;Audiovisual en paper</p>
</div>



<div class="wp-block-column is-layout-flow wp-block-column-is-layout-flow" style="flex-basis:60%">
<p class="has-heading-font-family has-x-large-font-size" style="line-height:1.2">Som un equip de persones que ens encanten els llibres de cultura audiovisual. Les llibreries i les biblioteques són la nostra zona de confort. </p>
</div>
</div>



<div style="height:var(--wp--preset--spacing--40)" aria-hidden="true" class="wp-block-spacer"></div>



<figure class="wp-block-image alignwide size-full is-style-rounded is-style-rounded--1"><img loading="lazy" decoding="async" width="640" height="360" src="https://esplendorenlaquiebra.com/media/equipo-en-divulgacine.webp" alt="" class="wp-image-176"/></figure>
</div>



<div class="wp-block-group alignfull has-base-2-color has-contrast-background-color has-text-color has-background has-link-color wp-elements-1ba7a76fe15833269214ddca2a56ba2b has-global-padding is-layout-constrained wp-container-core-group-is-layout-facafb6f wp-block-group-is-layout-constrained" style="margin-top:0;margin-bottom:0;padding-top:var(--wp--preset--spacing--50);padding-right:var(--wp--preset--spacing--50);padding-bottom:var(--wp--preset--spacing--50);padding-left:var(--wp--preset--spacing--50)">
<div class="wp-block-columns alignwide is-layout-flex wp-container-core-columns-is-layout-d1c656ed wp-block-columns-is-layout-flex">
<div class="wp-block-column is-vertically-aligned-stretch is-layout-flow wp-block-column-is-layout-flow" style="padding-right:0;flex-basis:60%">
<div class="wp-block-group is-vertical is-content-justification-stretch is-layout-flex wp-container-core-group-is-layout-e9e70883 wp-block-group-is-layout-flex" style="min-height:100%">
<figure class="wp-block-image size-full is-style-rounded is-style-rounded--2"><img loading="lazy" decoding="async" width="640" height="853" src="https://esplendorenlaquiebra.com/media/libro-sobre-terciopelo-azul.webp" alt="" class="wp-image-177" style="aspect-ratio:9/16;object-fit:cover"/></figure>



<p class="has-medium-font-size">Un dels projectes en què hem col·laborat recentment amb l&#039;editorial Amarcord</p>
</div>
</div>



<div class="wp-block-column is-layout-flow wp-block-column-is-layout-flow" style="flex-basis:40%">
<div class="wp-block-group has-global-padding is-layout-constrained wp-block-group-is-layout-constrained">
<p class="has-base-color has-text-color has-link-color has-large-font-size wp-elements-3b935ea085df0a51fd7580268cce2b2c" style="font-style:normal;font-weight:500;line-height:1.2">Després d&#039;haver participat en diversos projectes editorials com a professionals col·laboradors, per fi ens hem tirat la manta al capdavant i hem fundat aquesta editorial per poder desenvolupar la nostra passió per l&#039;audiovisual una mica més.</p>



<div style="height:var(--wp--preset--spacing--40)" aria-hidden="true" class="wp-block-spacer"></div>



<div class="wp-block-group is-layout-flow wp-block-group-is-layout-flow">
<p class="has-medium-font-size">Un projecte on ajuntem textos i il·lustracions sobre<em> Blue Velvet</em>.</p>



<figure class="wp-block-image size-full is-style-rounded is-style-rounded--3"><img loading="lazy" decoding="async" width="640" height="853" src="https://esplendorenlaquiebra.com/media/interior-libro.webp" alt="" class="wp-image-179" style="aspect-ratio:2/3;object-fit:cover"/></figure>
</div>
</div>
</div>
</div>
</div>



<div class="wp-block-group alignfull has-global-padding is-layout-constrained wp-container-core-group-is-layout-cec3f4a0 wp-block-group-is-layout-constrained" style="margin-top:0;margin-bottom:0;padding-top:var(--wp--preset--spacing--50);padding-right:var(--wp--preset--spacing--50);padding-bottom:var(--wp--preset--spacing--50);padding-left:var(--wp--preset--spacing--50)">
<h1 class="wp-block-heading has-text-align-center has-x-large-font-size"><em>Som Luis i Flavia, però també Pascual, David, Iván, Javier, Cristina, Marie i tantes altres persones que col·laboren en cada projecte que ens proposem. </em></h1>



<div class="wp-block-buttons is-content-justification-center is-layout-flex wp-container-core-buttons-is-layout-a89b3969 wp-block-buttons-is-layout-flex">
<div class="wp-block-button"><a class="wp-block-button__link wp-element-button" href="https://esplendorenlaquiebra.com/va/contacto/">Proposa la teva idea editorial</a></div>
</div>
</div>

<p>Desarrollar el Audiovisual en papel Somos un equipo de personas que nos encantan los libros de cultura audiovisual. Las librerías y las bibliotecas son nuestra zona de confort. Uno de los proyectos en los que hemos colaborado recientemente con la editorial Amarcord Después de haber participado en varios proyectos editoriales como profesionales colaboradores, por fin [&hellip;]</p>
