{"id":156,"date":"2024-08-17T10:29:26","date_gmt":"2024-08-17T08:29:26","guid":{"rendered":"https:\/\/esplendorenlaquiebra.com\/?page_id=156"},"modified":"2024-08-17T12:24:28","modified_gmt":"2024-08-17T10:24:28","slug":"aviso-legal","status":"publish","type":"page","link":"https:\/\/esplendorenlaquiebra.com\/va\/aviso-legal\/","title":{"rendered":"Av\u00eds legal"},"content":{"rendered":"<h2 class=\"wp-block-heading\">Qui som<\/h2>\n\n\n\n<p>L&#039;adre\u00e7a de la nostra web \u00e9s: https:\/\/esplendorenlaquiebra.com.<\/p>\n\n\n\n<ul class=\"wp-block-list\">\n<li>Titular: Luis Antonio L\u00f3pez Belda<\/li>\n\n\n\n<li>NIF\/CIF: 21502977R<\/li>\n\n\n\n<li>Adre\u00e7a: Capit\u00e0 Amador 9, Alacant<\/li>\n\n\n\n<li>Correu electr\u00f2nic: info [] esplendorenlaquiebra.com<\/li>\n<\/ul>\n\n\n\n<h2 class=\"wp-block-heading\">Newsletter<\/h2>\n\n\n\n<p>Quan us subscriviu a la nostra newsletter, us doneu d&#039;alta amb un compte tipus subscriptor. Pots donar-te de baixa en qualsevol moment accedint amb el teu usuari i contrasenya des d&#039;aqu\u00ed. La newsletter l&#039;enviem per mitj\u00e0 del servei Elastic Email que emmagatzema els logs dels enviaments dels correus durant 3 dies.<\/p>\n\n\n\n<h2 class=\"wp-block-heading\">Comentaris<\/h2>\n\n\n\n<p>Quan els visitants deixen comentaris a la web, recopilem les dades que es mostren al formulari de comentaris, aix\u00ed com l&#039;adre\u00e7a IP del visitant i la cadena d&#039;agents d&#039;usuari del navegador per ajudar a la detecci\u00f3 d&#039;spam.<\/p>\n\n\n\n<p>Una cadena an\u00f2nima creada a partir de la teva adre\u00e7a de correu electr\u00f2nic (tamb\u00e9 anomenada hash) pot ser proporcionada al servei de Gravatar per veure si l&#039;est\u00e0s usant. La pol\u00edtica de privadesa del servei Gravatar est\u00e0 disponible aqu\u00ed: https:\/\/automattic.com\/privacy\/. Despr\u00e9s de l&#039;aprovaci\u00f3 del vostre comentari, la imatge del vostre perfil \u00e9s visible per al p\u00fablic en el context del vostre comentari.<\/p>\n\n\n\n<h2 class=\"wp-block-heading\">Mitjans<\/h2>\n\n\n\n<p>Si puges imatges a la web, hauries d&#039;evitar pujar imatges amb dades d&#039;ubicaci\u00f3 (GPS EXIF) incloses. Els visitants de la web poden descarregar i extreure qualsevol dada dubicaci\u00f3 de les imatges de la web.<\/p>\n\n\n\n<h2 class=\"wp-block-heading\">Cookies<\/h2>\n\n\n\n<p>Si deixes un comentari al nostre lloc pots triar desar el teu nom, adre\u00e7a de correu electr\u00f2nic i web a cookies. Aix\u00f2 \u00e9s per a la teva comoditat, perqu\u00e8 no hagis de tornar a omplir les dades quan deixis un altre comentari. Aquestes galetes tindran una durada d&#039;un any.<\/p>\n\n\n\n<p>Si tens un compte i et connectes a aquest lloc, instal\u00b7larem una galeta temporal per determinar si el teu navegador accepta galetes. Aquesta galeta no cont\u00e9 dades personals i s&#039;elimina en tancar el navegador.<\/p>\n\n\n\n<p>Quan hi accedeixis, tamb\u00e9 instal\u00b7larem diverses galetes per desar la teva informaci\u00f3 d&#039;acc\u00e9s i les teves opcions de visualitzaci\u00f3 de pantalla. Les galetes d&#039;acc\u00e9s duren dos dies i les galetes d&#039;opcions de pantalla duren un any. Si seleccioneu \u00abRecordar-me\u00bb, el vostre acc\u00e9s perdurar\u00e0 durant dues setmanes. Si surts del teu compte, les galetes d&#039;acc\u00e9s s&#039;eliminaran.<\/p>\n\n\n\n<p>Si edites o publiques un article es guardar\u00e0 una galeta addicional al teu navegador. Aquesta galeta no inclou dades personals i simplement indica l&#039;ID de l&#039;article que acabeu d&#039;editar. Caduca despr\u00e9s d&#039;un dia.<\/p>\n\n\n\n<h2 class=\"wp-block-heading\">Contingut incrustat d&#039;altres llocs web<\/h2>\n\n\n\n<p><strong class=\"privacy-policy-tutorial\"> <\/strong>Els articles d&#039;aquest lloc web poden incloure contingut incrustat (per exemple, v\u00eddeos, imatges, articles, etc.). El contingut incrustat d&#039;altres webs es comporta exactament de la mateixa manera que si el visitant hagu\u00e9s visitat l&#039;altra web.<\/p>\n\n\n\n<p>Aquestes webs poden recopilar dades sobre tu, utilitzar cookies, incrustar un seguiment addicional de tercers, i supervisar la teva interacci\u00f3 amb aquest contingut incrustat, incl\u00f2s el seguiment de la teva interacci\u00f3 amb el contingut incrustat si tens un compte i est\u00e0s connectat a aquest web.<\/p>\n\n\n\n<h2 class=\"wp-block-heading\">Amb qui compartim les teves dades<\/h2>\n\n\n\n<p>Si sol\u00b7liciteu un restabliment de contrasenya, la vostra adre\u00e7a IP s&#039;inclour\u00e0 al correu electr\u00f2nic de restabliment.<\/p>\n\n\n\n<h2 class=\"wp-block-heading\">Quant de temps conservem les teves dades<\/h2>\n\n\n\n<p>Si deixeu un comentari, el comentari i les seves metadades es conserven indefinidament. Aix\u00f2 \u00e9s perqu\u00e8 puguem recon\u00e8ixer i aprovar comentaris successius autom\u00e0ticament, en lloc de mantenir-los en una cua de moderaci\u00f3.<\/p>\n\n\n\n<p>Dels usuaris que es registren a la nostra web (si n&#039;hi ha), tamb\u00e9 emmagatzemem la informaci\u00f3 personal que proporcionen al vostre perfil d&#039;usuari. Tots els usuaris poden veure, editar o eliminar la vostra informaci\u00f3 personal en qualsevol moment (excepte que no poden canviar el vostre nom d&#039;usuari). Els administradors de la web tamb\u00e9 poden veure i editar aquesta informaci\u00f3.<\/p>\n\n\n\n<h2 class=\"wp-block-heading\">Quins drets tens sobre les teves dades<\/h2>\n\n\n\n<p>Si tens un compte o has deixat comentaris en aquesta web, pots sol\u00b7licitar rebre un fitxer d&#039;exportaci\u00f3 de les dades personals que tenim sobre tu, incloent-hi qualsevol dada que ens hagis proporcionat. Tamb\u00e9 pots sol\u00b7licitar que eliminem qualsevol dada personal que tinguem sobre tu. Aix\u00f2 no inclou cap dada que estiguem obligats a conservar amb fins administratius, legals o de seguretat.<\/p>\n\n\n\n<h2 class=\"wp-block-heading\">On s&#039;envien les teves dades<\/h2>\n\n\n\n<p>Els comentaris dels visitants poden ser revisats per un servei de detecci\u00f3 autom\u00e0tica d&#039;spam.<\/p>","protected":false},"excerpt":{"rendered":"<p>Qui\u00e9nes somos La direcci\u00f3n de nuestra web es: https:\/\/esplendorenlaquiebra.com. Newsletter Cuando te suscribes a nuestra newsletter, te das de alta con una cuenta tipo suscriptor. Te puedes dar de baja en cualquier momento accediendo con tu usuario y contrase\u00f1a desde aqu\u00ed. La newsletter la enviamos por medio del servicio Elastic Email que almacena los logs [&hellip;]<\/p>\n","protected":false},"author":16,"featured_media":0,"parent":0,"menu_order":0,"comment_status":"closed","ping_status":"closed","template":"","meta":{"footnotes":""},"class_list":["post-156","page","type-page","status-publish","hentry"],"_links":{"self":[{"href":"https:\/\/esplendorenlaquiebra.com\/va\/wp-json\/wp\/v2\/pages\/156","targetHints":{"allow":["GET"]}}],"collection":[{"href":"https:\/\/esplendorenlaquiebra.com\/va\/wp-json\/wp\/v2\/pages"}],"about":[{"href":"https:\/\/esplendorenlaquiebra.com\/va\/wp-json\/wp\/v2\/types\/page"}],"author":[{"embeddable":true,"href":"https:\/\/esplendorenlaquiebra.com\/va\/wp-json\/wp\/v2\/users\/16"}],"replies":[{"embeddable":true,"href":"https:\/\/esplendorenlaquiebra.com\/va\/wp-json\/wp\/v2\/comments?post=156"}],"version-history":[{"count":2,"href":"https:\/\/esplendorenlaquiebra.com\/va\/wp-json\/wp\/v2\/pages\/156\/revisions"}],"predecessor-version":[{"id":160,"href":"https:\/\/esplendorenlaquiebra.com\/va\/wp-json\/wp\/v2\/pages\/156\/revisions\/160"}],"wp:attachment":[{"href":"https:\/\/esplendorenlaquiebra.com\/va\/wp-json\/wp\/v2\/media?parent=156"}],"curies":[{"name":"wp","href":"https:\/\/api.w.org\/{rel}","templated":true}]}}

Avís legal

<h2 class="wp-block-heading">Qui som</h2>



<p>L&#039;adreça de la nostra web és: https://esplendorenlaquiebra.com.</p>



<ul class="wp-block-list">
<li>Titular: Luis Antonio López Belda</li>



<li>NIF/CIF: 21502977R</li>



<li>Adreça: Capità Amador 9, Alacant</li>



<li>Correu electrònic: info [] esplendorenlaquiebra.com</li>
</ul>



<h2 class="wp-block-heading">Newsletter</h2>



<p>Quan us subscriviu a la nostra newsletter, us doneu d&#039;alta amb un compte tipus subscriptor. Pots donar-te de baixa en qualsevol moment accedint amb el teu usuari i contrasenya des d&#039;aquí. La newsletter l&#039;enviem per mitjà del servei Elastic Email que emmagatzema els logs dels enviaments dels correus durant 3 dies.</p>



<h2 class="wp-block-heading">Comentaris</h2>



<p>Quan els visitants deixen comentaris a la web, recopilem les dades que es mostren al formulari de comentaris, així com l&#039;adreça IP del visitant i la cadena d&#039;agents d&#039;usuari del navegador per ajudar a la detecció d&#039;spam.</p>



<p>Una cadena anònima creada a partir de la teva adreça de correu electrònic (també anomenada hash) pot ser proporcionada al servei de Gravatar per veure si l&#039;estàs usant. La política de privadesa del servei Gravatar està disponible aquí: https://automattic.com/privacy/. Després de l&#039;aprovació del vostre comentari, la imatge del vostre perfil és visible per al públic en el context del vostre comentari.</p>



<h2 class="wp-block-heading">Mitjans</h2>



<p>Si puges imatges a la web, hauries d&#039;evitar pujar imatges amb dades d&#039;ubicació (GPS EXIF) incloses. Els visitants de la web poden descarregar i extreure qualsevol dada dubicació de les imatges de la web.</p>



<h2 class="wp-block-heading">Cookies</h2>



<p>Si deixes un comentari al nostre lloc pots triar desar el teu nom, adreça de correu electrònic i web a cookies. Això és per a la teva comoditat, perquè no hagis de tornar a omplir les dades quan deixis un altre comentari. Aquestes galetes tindran una durada d&#039;un any.</p>



<p>Si tens un compte i et connectes a aquest lloc, instal·larem una galeta temporal per determinar si el teu navegador accepta galetes. Aquesta galeta no conté dades personals i s&#039;elimina en tancar el navegador.</p>



<p>Quan hi accedeixis, també instal·larem diverses galetes per desar la teva informació d&#039;accés i les teves opcions de visualització de pantalla. Les galetes d&#039;accés duren dos dies i les galetes d&#039;opcions de pantalla duren un any. Si seleccioneu «Recordar-me», el vostre accés perdurarà durant dues setmanes. Si surts del teu compte, les galetes d&#039;accés s&#039;eliminaran.</p>



<p>Si edites o publiques un article es guardarà una galeta addicional al teu navegador. Aquesta galeta no inclou dades personals i simplement indica l&#039;ID de l&#039;article que acabeu d&#039;editar. Caduca després d&#039;un dia.</p>



<h2 class="wp-block-heading">Contingut incrustat d&#039;altres llocs web</h2>



<p><strong class="privacy-policy-tutorial"> </strong>Els articles d&#039;aquest lloc web poden incloure contingut incrustat (per exemple, vídeos, imatges, articles, etc.). El contingut incrustat d&#039;altres webs es comporta exactament de la mateixa manera que si el visitant hagués visitat l&#039;altra web.</p>



<p>Aquestes webs poden recopilar dades sobre tu, utilitzar cookies, incrustar un seguiment addicional de tercers, i supervisar la teva interacció amb aquest contingut incrustat, inclòs el seguiment de la teva interacció amb el contingut incrustat si tens un compte i estàs connectat a aquest web.</p>



<h2 class="wp-block-heading">Amb qui compartim les teves dades</h2>



<p>Si sol·liciteu un restabliment de contrasenya, la vostra adreça IP s&#039;inclourà al correu electrònic de restabliment.</p>



<h2 class="wp-block-heading">Quant de temps conservem les teves dades</h2>



<p>Si deixeu un comentari, el comentari i les seves metadades es conserven indefinidament. Això és perquè puguem reconèixer i aprovar comentaris successius automàticament, en lloc de mantenir-los en una cua de moderació.</p>



<p>Dels usuaris que es registren a la nostra web (si n&#039;hi ha), també emmagatzemem la informació personal que proporcionen al vostre perfil d&#039;usuari. Tots els usuaris poden veure, editar o eliminar la vostra informació personal en qualsevol moment (excepte que no poden canviar el vostre nom d&#039;usuari). Els administradors de la web també poden veure i editar aquesta informació.</p>



<h2 class="wp-block-heading">Quins drets tens sobre les teves dades</h2>



<p>Si tens un compte o has deixat comentaris en aquesta web, pots sol·licitar rebre un fitxer d&#039;exportació de les dades personals que tenim sobre tu, incloent-hi qualsevol dada que ens hagis proporcionat. També pots sol·licitar que eliminem qualsevol dada personal que tinguem sobre tu. Això no inclou cap dada que estiguem obligats a conservar amb fins administratius, legals o de seguretat.</p>



<h2 class="wp-block-heading">On s&#039;envien les teves dades</h2>



<p>Els comentaris dels visitants poden ser revisats per un servei de detecció automàtica d&#039;spam.</p>

<p>Quiénes somos La dirección de nuestra web es: https://esplendorenlaquiebra.com. Newsletter Cuando te suscribes a nuestra newsletter, te das de alta con una cuenta tipo suscriptor. Te puedes dar de baja en cualquier momento accediendo con tu usuario y contraseña desde aquí. La newsletter la enviamos por medio del servicio Elastic Email que almacena los logs [&hellip;]</p>
